rivative of -m**2 + 28*m - 29. Let v be 2*(0 - (2 - -8)). Let j be t(v). Calculate the greatest common factor of j and 17.
17
Suppose -n + 17 = v - 10, -2*v + 64 = 4*n. Suppose -16*d = -v*d + 420. Calculate the greatest common factor of 28 and d.
14
Suppose 9 = 5*p - 2*p. Suppose -1 - 5 = -3*c. Suppose c*d - 49 = 3*m, d - p*m - 20 = 9. Calculate the greatest common factor of d and 100.
20
Let t = -420 + 1018. Suppose -2*k = -4*m - 72, 2*k - 107 = -21*m + 18*m. Calculate the highest common divisor of t and k.
46
Suppose -14*y + 958 = 328. Calculate the highest common divisor of y and 99.
9
Suppose 4*o = 0, 0*u + 3*o - 152 = -4*u. Suppose -u = -4*f + 2. What is the greatest common divisor of 15 and f?
5
Suppose -4*h - h + 4*u = -300, 3*u = -2*h + 97. Suppose l - 3*z = -0*z - 8, -l - z + 12 = 0. What is the greatest common divisor of h and l?
7
Let w = 14 - 1. Let o = -7095 - -7098. Suppose 71 = o*q - w. Calculate the highest common factor of 252 and q.
28
Suppose -2*i = -2*k - 74, 79 = 5*i + 5*k - 66. Let t = -4 - -6. Let f = t + i. What is the greatest common factor of f and 5?
5
Suppose -118 = -2*t + j + 11, 2*t = -5*j + 123. Calculate the greatest common divisor of 408 and t.
8
Suppose 3*t = 46 + 23. Suppose -5*s + g + 2788 = 0, -120 = -s + g + 436. Let n = s - 443. What is the greatest common factor of n and t?
23
Suppose -5*p = -3*x - 40, -2*p = -5*p - 5*x - 10. Suppose 5*a = p*y + 6*a - 27, 0 = a - 2. Calculate the greatest common factor of y and 205.
5
Let j(x) = x**3 + 16*x**2 + 3*x + 13. Suppose 0 = 80*c - 83*c - 33. Let i be j(c). Let g = i + -280. Calculate the greatest common factor of g and 61.
61
Let a = -5127 + 5205. Calculate the highest common factor of 4 and a.
2
Suppose m + 2*p - 185 = 0, -3*m + 16 + 544 = p. Suppose 154*h = 40*h - 371 + 1625. Calculate the highest common factor of h and m.
11
Let b = -2476 - -2560. What is the greatest common factor of 3381 and b?
21
Let w be 258/(-2)*11/33. Let j = 67 + w. Suppose 0 = -z + 9*z - 384. What is the greatest common divisor of j and z?
24
Let c = -2838 - -2846. What is the highest common divisor of c and 292?
4
Let i be ((5/5)/(((-4)/2)/(-212)))/1. What is the greatest common factor of 6466 and i?
106
Suppose 2724 = 16*u - 10476. Calculate the greatest common divisor of 225 and u.
75
Suppose 0 = -5*p + 5*l + 15, l + 14 = 4*p - 2*l. Suppose -p*i + 916 = -s - 1630, -2562 = -5*i - 3*s. What is the highest common divisor of 30 and i?
30
Let a = 51 - 47. Suppose -8 = -3*n + n, -22 = -f - 5*n. Let t be a - -1 - (f + -4). Calculate the greatest common divisor of t and 28.
7
Suppose -6*g + 5*g + 7 = 0. Let z be 30 + -2 + g + -3. Let t be 17*48/104 + (-4)/(-26). What is the greatest common divisor of t and z?
8
Let i be 2 + -2 + (-5)/(-35) - (-69960)/84. What is the greatest common factor of 119 and i?
119
Let z(b) = 1 - 2*b + 36 + b + 0. Let d be z(27). What is the greatest common divisor of 70 and d?
10
Suppose -8*m - 952 = -5*m + q, 5*q - 1282 = 4*m. Let j = 582 + m. What is the greatest common factor of j and 24?
24
Suppose -430 = -2*c + 5*i, -2*c + 0*i + 4*i + 428 = 0. Suppose c*z - 197*z - 130 = 0. Calculate the highest common divisor of z and 290.
10
Suppose -u + 4*p + 40 = u, 0 = 3*u + p - 25. Suppose 9*t = -2*a + 12*t + 12, t = 4*a - 54. Calculate the greatest common factor of a and u.
5
Let g = 40 - 32. Let j be 4*(84/g - 0). What is the highest common divisor of 63 and j?
21
Suppose -3*v = -4*m - 7, 4*v + 1 = 3*v + 3*m. Suppose -7 = 4*l - v*g, -5*l + 1 = g - 4*g. What is the highest common factor of l and 36?
2
Let y be 15*(9/(-15) + (-116)/(-60)). Suppose 4*l - 5 = n, n - 60 = -5*l - y. Suppose n + 30 = z. Calculate the highest common divisor of z and 315.
45
Suppose 0 = -f - r - 152, -f + 2*f = -3*r - 156. Let x be 2/(-5 + (-754)/f). Calculate the greatest common divisor of x and 20.
5
Suppose -m - 3*i + 201 = 0, m - 4*i - 222 = -0*i. Suppose 0 = -74*x - 29656 + 31210. What is the greatest common factor of x and m?
21
Suppose 3*a + 16 - 55 = 0, 30*a - 35*a + 131 = 3*g. Suppose -h - 264 = -5*h. Calculate the highest common divisor of h and g.
22
Suppose 413295 - 6426158 - 5527939 = -483*l. What is the highest common factor of l and 26?
26
Let t(l) = l**3 + 12*l**2 - 13*l + 34. Let j be t(-13). Let y = -552 + 790. What is the highest common divisor of y and j?
34
Let t = 933 - 921. Suppose -10*m - t*m = -968. Calculate the greatest common divisor of m and 1760.
44
Let s(r) = -r**3 - 9*r**2 - 7*r. Let x be s(-8). Let g be (1/(1 + 0))/((-2)/x). Suppose 17 = -g*z + 117. Calculate the greatest common divisor of 100 and z.
25
Suppose 1390*g = 1408*g - 954. Calculate the greatest common divisor of 19769 and g.
53
Let r(n) = n - 2. Suppose 2*l = 49 - 15. Let t be r(l). Suppose -4*i - 3*d = -312, 4*d = -3*i + 8*i - 359. What is the greatest common factor of t and i?
15
Suppose -i = -18 + 7. Suppose 0 = i*m + m + 708. Let y = m - -62. Calculate the highest common divisor of 9 and y.
3
Suppose 4*s + 5*c = 2*s + 2525, -2*s - c + 2553 = 0. What is the highest common divisor of s and 15?
5
Suppose -z - 693 + 780 = 2*u, 3*u - 128 = -4*z. Calculate the highest common divisor of u and 1508.
4
Let c be (161 + 1)*2/4. Let p(x) = x**3 + 31*x**2 - 4*x - 97. Let v be p(-31). Calculate the greatest common divisor of v and c.
27
Suppose 3*i = -0*i - 1365. Let y = i + 639. Suppose 5*p = 3*j + 326 - 214, -1 = -j. Calculate the highest common divisor of y and p.
23
Let u = -3535 - -3905. Calculate the highest common divisor of u and 10.
10
Let u(b) = -2*b**3 - 24*b**2 - 11*b - 21. Let d be u(-12). Suppose 0 = 5*o + 2*w - 370, 9*o - 10*o = 5*w - 74. Calculate the greatest common factor of o and d.
37
Suppose 192*i - 785 = -3*o + 187*i, 5*i = 2*o - 540. Calculate the highest common divisor of 55 and o.
5
Let o(b) be the third derivative of 0 + 0*b - 7/3*b**3 - 13/12*b**4 - 28*b**2 + 1/60*b**5. Let h be o(-9). Calculate the highest common factor of 43 and h.
43
Let j be 65 + (-4 - -5 - 0). Let m = 3889 - 3845. What is the greatest common divisor of m and j?
22
Let b = 26720 - 17472. Calculate the greatest common divisor of 176 and b.
16
Let a be ((-1227)/9)/(8/12)*-2. Suppose 22*l + 13 = a. What is the highest common divisor of l and 63?
9
Suppose -j - 4*y + 48 = -151, 2*j + 2*y = 374. Calculate the greatest common factor of j and 854.
61
Let r = -21771 - -21786. Calculate the greatest common factor of 3845 and r.
5
Suppose h - 9 = 2*z, 4*h - 3*z - 56 = -0*h. Calculate the highest common factor of h and 26.
1
Let g(u) = 8*u**2 + 87*u - 125. Let a(k) = 6*k**2 + 58*k - 83. Let n(x) = 7*a(x) - 5*g(x). Let s be n(14). Calculate the highest common factor of 12 and s.
6
Suppose 3*u = 10*u + 42. Let w be 1/((u/75)/((-408)/15)). Calculate the greatest common divisor of w and 20.
20
Let t(j) = j**3 - 5*j**2 - 10*j + 7. Let b be t(7). Let c = 2544 - 2299. Calculate the greatest common factor of b and c.
35
Suppose 0 = -2*t - 34 - 90. Let f = 123 + t. Calculate the highest common factor of 488 and f.
61
Let q be (6/10)/((-9)/(-156612)) + 20/100. Calculate the highest common divisor of q and 53.
53
Suppose 4*b + 4*u = 2656, -977 - 327 = -2*b + 4*u. Calculate the highest common factor of b and 1500.
60
Let z be (16 - 2110/(-20)) + (2/(-4) - 0). Calculate the highest common factor of z and 11.
11
Let c be (4 + -4 - -2)/(-1). Let r be (1/c - 2)*-2. Suppose 5*l - l = r*u - 54, 4*u - 45 = 5*l. What is the highest common divisor of u and 160?
10
Let m = 32692 + -17442. What is the greatest common factor of 366 and m?
122
Suppose 5*l = 3*o - 75 - 785, 2*l = -8. What is the greatest common factor of 3528 and o?
56
Let a be 0/(-2) - ((-80)/32 + -3)*134. What is the highest common divisor of a and 33?
11
Let w(a) = -14*a**3 + 10*a**2 + 40*a - 99. Let d be w(-7). What is the highest common divisor of d and 68?
17
Let f(n) be the third derivative of n**6/120 - n**5/10 - n**4/24 + 7*n**3/3 - 3*n**2 - 4. Let r be f(6). Calculate the highest common divisor of r and 20.
4
Let l be (1/3)/(6/36). Let p be ((-450)/4)/(-5)*l. Let z(w) = -182*w - 1451. Let m be z(-8). Calculate the greatest common factor of p and m.
5
Let i = 81 - 57. Let j be -2 + 4 + 3 - (-10 + -3). Suppose -176 = -4*h - j*h. Calculate the greatest common divisor o